
Suppose 0 = 4*w - 0*w - 8. Let f be (-3 - -2)*(w - 5). What are the prime factors of (-31)/(((-12)/f)/4)?
31
Let m(q) = -q + 3*q - 2*q + 3*q**2 + 9 - 3*q. Let f = -97 - -101. What are the prime factors of m(f)?
3, 5
Suppose w - 4026 = 4*g - 25139, -w + 26398 = 5*g. What are the prime factors of g?
5279
List the prime factors of (17/2)/(((-15)/(-1430))/3).
11, 13, 17
Let q be (3 - -5) + 0 + -4. Suppose 4*r = -q*p + 108, 4*p = 3*r - 2*r - 52. List the prime factors of r.
2
Suppose 4*p + 8112 = 5*g, -g = 24*p - 19*p - 1634. List the prime factors of g.
2, 7, 29
Let q(s) = -s - 284. Let t be q(0). Let h = t + 450. What are the prime factors of h?
2, 83
Let r = 12 - 4. Let x(m) = 5 + 4*m**2 - 5*m**2 + 3*m**2 + r*m - 3*m. List the prime factors of x(-4).
17
Suppose -7*n + 10*s + 15701 = 7*s, -3*s = 5*n - 11215. List the prime factors of n.
2243
Let l(j) = 11 - 8 + 17 + 3 + 12*j. What are the prime factors of l(14)?
191
Suppose 0 = x - 4*u - 32, -3*u = 4*x + 2*u - 23. Suppose 1870 = -v + x*v. What are the prime factors of v?
2, 5, 17
List the prime factors of 24/(-3) + (341 - -5).
2, 13
Let t = -142 - -203. What are the prime factors of 20/4 - -4*t?
3, 83
Let i(f) = 2*f + 9. Let o be i(-6). Let m = o + 9. Suppose -m - 10 = -4*u. What are the prime factors of u?
2
Let j(s) = s + 9. Let f be j(6). Suppose -4*p - 3*r - f = 0, 5*r + 26 = 4*p + 1. Suppose 4*g = -5*o + 95, 49 = 2*g + 3*o - p. What are the prime factors of g?
2, 5
Let r = -28 - -33. Suppose n - 2 = r*y - 7, -23 = y - 5*n. What are the prime factors of y?
2
Suppose 0 = -w + 2*w + 3. Let o = w + 3. Suppose -3*k + k + 6 = o. List the prime factors of k.
3
Let t be (-100)/(-7) - 26/91. Let c = 15 - t. List the prime factors of c*3 + (-176)/(-11).
19
Suppose -461 + 1406 = 5*a. What are the prime factors of a?
3, 7
Let l(t) = 35*t**3 + 7*t**2 - 15*t + 1. List the prime factors of l(2).
3, 31
Let l(s) = 52*s. Let k = 12 + -11. List the prime factors of l(k).
2, 13
What are the prime factors of 60/(-24)*(-4)/(-5)*-113?
2, 113
Let n = 6 + 12. Let a be (-4)/n + 274/18. Let u = a + -6. What are the prime factors of u?
3
What are the prime factors of 707/(-2)*494/(-91)?
19, 101
Suppose -14*j + 22692 = -2*j. What are the prime factors of j?
31, 61
Let s(v) = 3*v + 10. Let u be s(-4). List the prime factors of (-38 - 5)*(-1 - u)*-1.
43
Suppose -7*l = -2114 - 1337. List the prime factors of l.
17, 29
Let d be -22*2/4*-1. Suppose 8*n = d*n - 27. Let q = n + 2. List the prime factors of q.
11
Suppose 110*z + 66516 - 233056 = 0. List the prime factors of z.
2, 757
Let m(q) be the second derivative of -q**4/12 - 17*q**3/6 - 13*q**2/2 + 9*q. List the prime factors of m(-12).
47
Let q = 64 - 35. Suppose -2*o - n + 23 = 0, -4*o + 5*n + q = -24. What are the prime factors of o?
2, 3
Let m(k) = 71*k**2 + 14*k + 36. What are the prime factors of m(7)?
3613
Suppose 0 = -5*u + 15, -5*t - 3*u = -0*u - 39. Suppose 2*k + t = 0, -123 = -3*q - 0*k + 2*k. What are the prime factors of q?
3, 13
Suppose 36*y = 6*y + 53070. List the prime factors of y.
29, 61
Let w = 2381 - 1198. What are the prime factors of w?
7, 13
Suppose -6805 = -5*j + 3060. List the prime factors of j.
1973
Let g = -58 + 63. Suppose -4*q - 339 = -g*n, -4*q - 272 = n - 5*n. What are the prime factors of n?
67
Let m(c) = 2*c**3 - 4*c**2 + 6*c - 41. What are the prime factors of m(4)?
47
Let t = 182 + 192. What are the prime factors of t?
2, 11, 17
Let g = 204 - 170. Let y be (-99)/(-6) - (-1)/2. Suppose g = d - y. What are the prime factors of d?
3, 17
Let i = 341 - -512. What are the prime factors of i?
853
Let w(g) = g**3 - g**2 + 2. Let n be w(0). Suppose t - n*t = -100. List the prime factors of t.
2, 5
Let h = 58 + -58. Suppose y + y - 58 = h. What are the prime factors of y?
29
Let g(p) = -146*p + 100. List the prime factors of g(-8).
2, 317
Let r = -3107 + 7399. What are the prime factors of r?
2, 29, 37
Let v(d) = -d**2 + 70*d - 110. What are the prime factors of v(43)?
1051
List the prime factors of -41*29/(1 + -2).
29, 41
Let z be 19/3 - (-40)/(-30). Suppose -z*d = 3 - 18. List the prime factors of (-52)/d*(-18)/12.
2, 13
Let j(q) = -60*q - 301. What are the prime factors of j(-14)?
7, 11
Suppose -5*f - 4*t = -283, 2*t - 3*t - 273 = -5*f. Let u = 11 + -35. Let q = u + f. List the prime factors of q.
31
List the prime factors of 2322*((-30)/6 - 34/(-6)).
2, 3, 43
Let u be (0 + -16)/(6/(-39)). Let n = 33 + u. What are the prime factors of n?
137
Let x be (5/(-4))/(1/(-36)). Let k = x - -17. Suppose 10*y - 5*y = -2*z + k, -y = -5*z - 7. What are the prime factors of y?
2, 3
Let u(o) = o**3 + 21*o**2 - 33*o - 31. List the prime factors of u(-12).
11, 151
Let u = -30 - -33. Suppose 2*h - u*x = -3, -h - 2*h - 5*x = -5. Suppose h*y = 3*y - 174. What are the prime factors of y?
2, 29
Let y = 16 + -48. Let o(u) = -59*u**3 - u**2 + 1. Let k be o(-1). Let h = y + k. What are the prime factors of h?
3
Let r(y) = -10*y + 0 - 2 - 2 - y**2. Let l be r(-7). Suppose -5*o = x - 29, 0 = -o - 4*x + l + 4. What are the prime factors of o?
5
Let g = 19 + -15. Suppose -o = -5*n + 2*n + 208, 0 = g*o - 20. List the prime factors of n.
71
Let s(l) = -3*l**3 - 4*l**2 - 8*l - 11. Let b(o) = 2*o**3 + 5*o**2 + 7*o + 12. Let k(x) = 4*b(x) + 3*s(x). List the prime factors of k(8).
47
Suppose g - 288 = 327. List the prime factors of g.
3, 5, 41
What are the prime factors of (2 + 586/(-5))*(-120)/18?
2, 3
Let m be (-3 - (-16)/4)*249. Let d = m - 164. List the prime factors of d.
5, 17
Suppose 36 = -x - 48. Let t be x/4*4/(-6). What are the prime factors of (t + -2)*4/4?
2, 3
Let i(x) be the first derivative of 6*x**2 - 6 + 30*x - 30*x. List the prime factors of i(1).
2, 3
Let h(w) = -3*w - 15. Let z be h(-6). Let s(v) = -3 - 5*v**2 + 2*v**3 - z*v**3 + 2*v**3 + 7 - 9*v. List the prime factors of s(7).
3, 13
Let x(w) = 12*w + 1. Let f be x(6). Suppose 2*s + 63 + f = 0. Let d = s - -102. List the prime factors of d.
2, 17
Let a = 19 + -19. Suppose -2*y - 73 + 239 = a. What are the prime factors of y?
83
Suppose 0 = -13*o + 6232 - 629. List the prime factors of o.
431
Let a(m) = 12*m + 29*m**2 - 15 + 7*m - 30*m**2. Let w be 414/27 + (-2)/6. What are the prime factors of a(w)?
3, 5
Let b be (0 + 3)*4/(-6). Suppose 0 = k + 12*k. List the prime factors of (b + k)/((-12)/90).
3, 5
Let y be (-9)/3 - -37 - 3. Let f = y + -31. Suppose f = 5*g - 173 + 58. What are the prime factors of g?
23
List the prime factors of 0 + (-8 + 1222 - 3).
7, 173
Let d(b) = -b**3 + 12*b**2 - b + 12. Let q be d(12). Suppose n + 4*n + 96 = 2*o, 5*o + 4*n - 174 = q. List the prime factors of o.
2, 19
Suppose 0 = -4*i + 313 + 919. Suppose -5*v = -9*v + i. List the prime factors of v.
7, 11
Let k be (-4)/16*6*-14. Suppose n - 59 = 5*f, 5*n + k - 256 = -5*f. What are the prime factors of 1 + (-2)/2 + n?
7
Let o be (5/1 - 1) + -4. Suppose 3 = n - o. List the prime factors of (2/n)/(1/18).
2, 3
Let m = 7778 + -4344. List the prime factors of m.
2, 17, 101
Let p = -31 + 28. Let d(y) = 19*y**2 + 8. What are the prime factors of d(p)?
179
Let b = -64 + 45. Let l = 9 - b. List the prime factors of l.
2, 7
Let d(f) = -4*f**3 + 16*f**2 - 15*f - 27. Let t(k) = k**3 + k**2 + 1. Let p(s) = d(s) + 3*t(s). What are the prime factors of p(18)?
2, 3, 5
Let w be (-4 - 36*8)*-10. Let v be (w/30)/((-4)/(-6)). Let m = v - 80. What are the prime factors of m?
2, 3, 11
Let f(c) = -c**3 + 17*c**2 - 16*c + 9. Let r be f(16). What are the prime factors of 327/r*18/6?
109
Suppose 5*v = -c - 1082, -6*v + v = -2*c + 1076. List the prime factors of (v/(-84))/(-2 + 30/14).
2, 3
Suppose 0 = -3*i + 9 + 9. Let g(c) = 13*c + 12. Let p be g(i). Suppose 5*j = p - 10. List the prime factors of j.
2
Let o = 7818 - 1140. List the prime factors of o/49 - (-4)/(-14).
2, 17
Suppose -3*s - 5*p + 3*p = -26, -2*s + 3*p = -13. Let x(k) = -9*k**2 + 0*k + s*k - k**3 + 7*k + 13 - 5*k. What are the prime factors of x(-10)?
13
Let p = -7943 + 12549. What are the prime factors of 2/(8/(-18))*p/(-147)?
3, 47
Let z be -862*(-1)/3 - (-3)/(-9). Suppose -3*y + 290 = -y - 2*t, -z = -2*y + t. What are the prime factors of y?
2, 71
Suppose 6*g = -23 - 1. List the prime factors of g - -1 - -7 - -75.
79
Suppose 3*x - 3*d - 577 = -2*d, 2*d - 390 = -2*x. Suppose 0 = 3*s -